the highest common divisor of 23090 and h?
10
Suppose 69*y = 19746 - 5670. Suppose j = 3*j - 34. What is the greatest common factor of j and y?
17
Let p(q) = 21*q - 31. Let m be p(3). Let s = 88 - m. Calculate the highest common factor of s and 8.
8
Suppose 4*c - 5*g = 2*c + 27, 20 = 5*c - 3*g. Let z(v) = -416*v + 6248. Let t be z(15). What is the highest common divisor of c and t?
1
Let s = 212 - 218. Let d be 3 + 2 + 43 + s/3. What is the highest common divisor of d and 161?
23
Let z be 8/((-1826)/88 + 21). What is the greatest common divisor of z and 5648?
16
Suppose 5*g - 1 = 4. Let l(d) = -4*d**2 + 5*d**2 + 12 - 16*d + 46. Let z be l(5). Calculate the greatest common divisor of z and g.
1
Suppose -11*k - 12 = -12*k. Let m be (k/10)/(19/((-1900)/(-15))). Calculate the highest common factor of 76 and m.
4
Suppose -226 + 199 = -9*m. Suppose 0 = 2*w + 3*u - 111, 4*w - 108 - 69 = m*u. Calculate the greatest common divisor of 768 and w.
48
Suppose -20*g - 26 = -21*g + 2*i, 48 = 2*g - 3*i. Calculate the highest common factor of 2106 and g.
18
Suppose -2*r + 5*n + 256 = 0, 0*n - 2*n = 5*r - 611. What is the highest common factor of 27 and r?
3
Let u(n) = -85*n**3 - n**2 - n. Let m be u(-1). Suppose -4*l - 5*a = -m, l - 105 = -4*l - 5*a. What is the highest common divisor of 5 and l?
5
Let d = -89 - -13. Let w = d - -80. Calculate the greatest common factor of w and 8.
4
Let u = -1566 + 2187. What is the greatest common divisor of 36 and u?
9
Let b(f) = -f**3 - 4*f**2 + 3*f + 1. Let o be b(5). Let a = -198 - o. Calculate the greatest common factor of a and 33.
11
Let m be (7/42)/(16/72 - 6/28). Let z(o) = -58*o - 7. Let x be z(-7). Calculate the greatest common divisor of m and x.
21
Let h(v) = -v**3 - 13*v**2 - 6*v + 3. Let o be h(-13). Suppose 1989*y - 1982*y - 126 = 0. What is the greatest common factor of y and o?
9
Suppose 39*o + 15 = 44*o. Suppose -4*q + 5*q = 0, 0 = -5*d + o*q + 90. Calculate the greatest common factor of d and 96.
6
Suppose 0 = x + 2*m - 63 - 60, -2*m + 18 = 0. What is the greatest common factor of x and 945?
105
Suppose 0 = -5*m - p + 1590 - 95, 5*m - 3*p - 1495 = 0. Calculate the highest common factor of m and 299.
299
Suppose -2719 = 13*w - 47504. Suppose j - 2724 = -4*s + 43, 4*j = -5*s + w. What is the greatest common divisor of s and 63?
63
Let f be (103/927*(-15)/1)/(2/(-2154)). Calculate the greatest common factor of 20 and f.
5
Let p(x) = -5*x**2 - 63*x + 4. Let w be p(-3). Let n = 316 - w. Calculate the highest common factor of 24 and n.
24
Suppose -3*q + 5*q + 4*g - 72 = 0, 5*g + 57 = q. Let p(h) = -40*h + 29. Let d be p(-4). Suppose 2*j - d = -j. What is the highest common factor of j and q?
21
Let c be -12*(84/(-16) + -3). Let n = -12323 - -12422. What is the greatest common factor of n and c?
99
Let k = -555 - -1207. Suppose -k = -7*t + 188. Let q = 330 - t. What is the greatest common factor of 21 and q?
21
Let y = -3754 - -5131. Calculate the greatest common factor of 17 and y.
17
Let j(q) = 9*q**2 - 80*q + 327. Let h be j(4). Calculate the greatest common divisor of h and 8909.
151
Let d = -206 + 576. What is the highest common factor of d and 10?
10
Let i = 4996 - 5047. Let r(z) = z**3 + 6*z**2 - 7*z - 6. Let j be r(-4). Let b = i + j. Calculate the highest common divisor of b and 24.
3
Let w = 856 - 807. Calculate the highest common divisor of 161 and w.
7
Let g(n) = n**2 + 30*n + 95. Let v(k) = 3*k**2 + 91*k + 286. Let x(t) = 17*g(t) - 6*v(t). Let z be x(-31). What is the highest common divisor of z and 6?
6
Suppose 2*c - 34 = 7*q - 3*q, 5*c = -4*q + 155. Suppose -118 = -2*b + 3*s, b + 2*s = 25 + c. What is the greatest common divisor of 952 and b?
56
Suppose -949 - 45 = -7*h. Let c = h + -121. What is the highest common divisor of c and 63?
21
Suppose i + 345 = -2*b, -b - 4*i - 19 = 150. Suppose -5*g + 470 = 3*u - 964, g = -4*u + 280. Let d = b + g. What is the greatest common divisor of 46 and d?
23
Suppose 119 = 10*b + 29. Suppose b*x - 63 = 45. Suppose 130 = 5*h - 5*c, -h + 6*h - 2*c = 124. What is the highest common divisor of x and h?
12
Let z(j) = 71*j + 7526. Let l be z(-46). What is the greatest common divisor of l and 120?
60
Let f be (-48 - 20 - 24)*-2. What is the greatest common factor of f and 5635?
23
Suppose -53*y - 266 = -83*y + 64. Let l = -5 + 38. What is the highest common divisor of l and y?
11
Let a = -276 + 294. Let c be a/6*(1 - 34/(-6)). Calculate the highest common factor of c and 90.
10
Suppose 68*a = 75999 + 118209. What is the greatest common divisor of 147 and a?
21
Suppose t - 5*c = 315, -6*t - 5*c = -4*t - 675. Calculate the greatest common factor of t and 105.
15
Let m be 49 - 0 - (4 - -44)/(-8). Let h be 41 + 3/(6 + -3). Let x = h + -20. Calculate the highest common divisor of x and m.
11
Let c = 250 - 128. Let s = -118 + c. Let p = 6 - 2. Calculate the greatest common divisor of s and p.
4
Let t be 43/(-129) + (-83436)/(-18). Calculate the greatest common divisor of t and 18.
9
Suppose -113 + 188 = 5*q - 5*r, 0 = -3*r - 9. Let f = 3 + 29. Suppose -i = 3*k + i - 28, -f = -2*k + 2*i. What is the greatest common factor of k and q?
12
Suppose -430*o = -62548 - 162772. Calculate the greatest common divisor of 9563 and o.
131
Suppose 0 = 5*a + 11*a - 8032. Suppose -a = -j + g - 2*g, 8 = 4*g. Calculate the greatest common factor of j and 20.
20
Suppose 5*v - 15 = -2*o - 2*o, 12 = 2*o + 4*v. Suppose o = 14*b - 11*b - 54. Calculate the greatest common divisor of 135 and b.
9
Let n = 1141 - 1090. Calculate the highest common factor of 1 and n.
1
Suppose -3*h = 4*g - 45, -23 - 32 = -2*g + 5*h. Suppose 0 = q - 6*q - 25. Let o be (-8)/(-3) - q/g. What is the greatest common factor of o and 24?
3
Suppose -291 = -6*m + 315. Suppose 5*d - 7 = -27, 2*d - 289 = -3*g. Suppose -100*a + m*a = g. Calculate the greatest common factor of 11 and a.
11
Let i be (6/8)/((-111)/(-592)) - -2716. What is the greatest common factor of i and 16?
16
Let r(p) = -3691*p + 10526. Let u be r(0). Calculate the greatest common factor of u and 76.
38
Let f(a) = 10 + 39*a - 14 + 9 - 34 - 34. Let n be f(5). Calculate the highest common factor of 231 and n.
33
Let c(o) = 0 + 169*o**2 - 5*o - 1 + 5 + 8*o**2. Let w be c(1). Calculate the greatest common factor of 44 and w.
44
Let x = 137 - 127. Let n be 3516/x + (-2)/(-5). What is the highest common factor of 11 and n?
11
Suppose -2*t + 14 = -0*t. Suppose -757*y = -677*y - 6160. Calculate the greatest common factor of t and y.
7
Suppose 6*i = 17 + 19. Let c be ((-10)/i)/(110/(-9108)). Calculate the highest common factor of c and 207.
69
Let v(z) = 4*z**2 + 204*z - 235. Let a be v(-59). Calculate the greatest common factor of 38 and a.
19
Let o be (2 + (-291)/6)/((-75)/3650). Calculate the greatest common divisor of 73 and o.
73
Let n(w) = -w**2 - 14*w + 515. Let y be n(11). Calculate the highest common divisor of 930 and y.
30
Let h be -37 + 96/24*1/(-2). Let d be 1*3*(70 + h). What is the greatest common factor of 217 and d?
31
Let p = 86 + -56. Let o be 8/(-20) - 204/(-10). Let d = o - -25. What is the greatest common divisor of p and d?
15
Let m be (-105)/147 - 5975/(-35). Calculate the greatest common divisor of m and 765.
85
Let d(p) = p**2 - 16*p - 38. Let y be d(-17). Let s = -118 + y. Suppose -13*u + 8*u + s = 0. Calculate the greatest common factor of 9 and u.
9
Let v be (-2)/9 + 5/25 + (-311056)/(-720). Calculate the highest common factor of 208 and v.
16
Suppose 18*f - 782 = -134. Let q be ((f/10)/(-2))/(22/(-2530)). Calculate the greatest common factor of q and 46.
23
Suppose 0 = 8*a + 383 - 3047. Suppose 4*y = a + 63. Calculate the highest common factor of 66 and y.
33
Suppose -129*j + 323740 + 273490 + 28033 = 0. Calculate the greatest common factor of j and 393.
131
Suppose 0 = 4*j + 5*x - 207 - 52, 2*j = -5*x + 147. What is the highest common factor of 17164 and j?
28
Suppose 93 - 149 - 262 = -53*q. Calculate the highest common divisor of q and 7284.
6
Suppose -5*z + 15 = 2*q - q, 81 = 4*q - z. Let f = 352 - 865. Let o = 528 + f. What is the greatest common factor of q and o?
5
Suppose 6*m + 10 = 5*i + 5*m, -6 = -3*i + m. Suppose 0 = -5*t - i*v + 506, 4*t + 5*v + 0*v = 415. What is the highest common factor of 20 and t?
20
Suppose 0 = 60*t - 1